{"id":14446,"date":"2015-06-30T13:01:19","date_gmt":"2015-06-30T19:01:19","guid":{"rendered":"http:\/\/goldenti.com\/site\/?page_id=14446"},"modified":"2020-06-08T17:30:23","modified_gmt":"2020-06-08T23:30:23","slug":"business-process-management","status":"publish","type":"page","link":"https:\/\/goldenti.com\/site\/business-process-management\/","title":{"rendered":"Business Process Management"},"content":{"rendered":"\t\t<div data-elementor-type=\"wp-page\" data-elementor-id=\"14446\" class=\"elementor elementor-14446\" data-elementor-post-type=\"page\">\n\t\t\t\t\t\t<section class=\"elementor-section elementor-top-section elementor-element elementor-element-1709bece elementor-section-boxed elementor-section-height-default elementor-section-height-default\" data-id=\"1709bece\" data-element_type=\"section\" data-e-type=\"section\">\n\t\t\t\t\t\t<div class=\"elementor-container elementor-column-gap-default\">\n\t\t\t\t\t<div class=\"elementor-column elementor-col-100 elementor-top-column elementor-element elementor-element-37e6714c\" data-id=\"37e6714c\" data-element_type=\"column\" data-e-type=\"column\">\n\t\t\t<div class=\"elementor-widget-wrap elementor-element-populated\">\n\t\t\t\t\t\t<div class=\"elementor-element elementor-element-6b358510 elementor-widget elementor-widget-text-editor\" data-id=\"6b358510\" data-element_type=\"widget\" data-e-type=\"widget\" data-widget_type=\"text-editor.default\">\n\t\t\t\t<div class=\"elementor-widget-container\">\n\t\t\t\t\t\t\t\t\tProceso de gesti\u00f3n hol\u00edstico enfocado en alinear todos los aspectos de las organizaciones con las necesidades de clientes.\n\n<a href=\"http:\/\/goldenti.com\/site\/wp-content\/uploads\/2012\/02\/bpm-flowchart.png\"><img fetchpriority=\"high\" decoding=\"async\" class=\"size-full wp-image-14409 aligncenter\" src=\"http:\/\/goldenti.com\/site\/wp-content\/uploads\/2012\/02\/bpm-flowchart.png\" alt=\"bpm-flowchart\" width=\"325\" height=\"326\" srcset=\"https:\/\/goldenti.com\/site\/wp-content\/uploads\/2012\/02\/bpm-flowchart.png 325w, https:\/\/goldenti.com\/site\/wp-content\/uploads\/2012\/02\/bpm-flowchart-80x80.png 80w, https:\/\/goldenti.com\/site\/wp-content\/uploads\/2012\/02\/bpm-flowchart-300x300.png 300w\" sizes=\"(max-width: 325px) 100vw, 325px\" \/><\/a>\n\nLa <b>Gesti\u00f3n de Procesos de Negocio<\/b> (en <a title=\"Idioma ingl\u00e9s\" href=\"https:\/\/es.wikipedia.org\/wiki\/Idioma_ingl%C3%A9s\">ingl\u00e9s<\/a>: <b>Business Process Management<\/b> o <b>BPM<\/b>) es una metodolog\u00eda corporativa y disciplina de <a title=\"Gesti\u00f3n\" href=\"https:\/\/es.wikipedia.org\/wiki\/Gesti%C3%B3n\">gesti\u00f3n<\/a>, cuyo objetivo es mejorar el desempe\u00f1o (eficiencia y eficacia) y la optimizaci\u00f3n de los <a title=\"Proceso de negocio\" href=\"https:\/\/es.wikipedia.org\/wiki\/Proceso_de_negocio\">procesos de negocio<\/a> de una <a title=\"Organizaci\u00f3n\" href=\"https:\/\/es.wikipedia.org\/wiki\/Organizaci%C3%B3n\">organizaci\u00f3n<\/a>, a trav\u00e9s de la <i>gesti\u00f3n de los procesos<\/i> que se deben dise\u00f1ar, modelar, organizar, documentar y optimizar de forma continua. Por lo tanto, puede ser descrito como un proceso de optimizaci\u00f3n de procesos.\n\nEl <i>modelo de administraci\u00f3n por procesos<\/i>, se refiere al cambio operacional de la empresa, al migrar de una <i>operaci\u00f3n funcional<\/i> a una <i>operaci\u00f3n administrada por procesos<\/i>.\n\n= El BPM es el entendimiento, visibilidad y control de los procesos de negocio de una organizaci\u00f3n. Un proceso de negocio representa una serie discreta de actividades o pasos de tareas que pueden incluir personas, aplicativos, eventos de negocio y organizaciones.\n\nBPM se puede relacionar con otras disciplinas de mejora de procesos como <a class=\"mw-redirect\" title=\"Six Sigma\" href=\"https:\/\/es.wikipedia.org\/wiki\/Six_Sigma\">Six Sigma<\/a>. Los procesos de negocio deber\u00edan estar documentados (actualizados), para ayudar a entender a la organizaci\u00f3n que est\u00e1n haciendo a trav\u00e9s de su negocio.\n\nDurante la etapa de descubrimiento de procesos, todos se ponen relativamente de acuerdo de c\u00f3mo los procesos actuales est\u00e1n definidos. El <i>AS-IS<\/i>, determina el estado donde se puede usar la informaci\u00f3n para determinar d\u00f3nde el proceso deber\u00eda ser mejorado, para llegar a un <i>TO-BE<\/i>, describiendo el <i>c\u00f3mo deber\u00eda ser el proceso<\/i>. La sola documentaci\u00f3n del proceso no es la herramienta para que los gerentes tomen control sobre todo el proceso.\n\nFue a partir de la d\u00e9cada de los 80 cuando, a ra\u00edz del modelo japon\u00e9s (<a title=\"Sistema de producci\u00f3n Toyota\" href=\"https:\/\/es.wikipedia.org\/wiki\/Sistema_de_producci%C3%B3n_Toyota\">Sistema de producci\u00f3n Toyota<\/a>) y de la aparici\u00f3n de normas internacionales de calidad principalmente, cuando se impuls\u00f3 la implantaci\u00f3n de un sistema estructural basado en la gesti\u00f3n por procesos.\n\nEl sistema de gesti\u00f3n por procesos se caracteriza por el entendimiento, la visibilidad y el control de todos los procesos de una organizaci\u00f3n por parte de todos los participantes en cada uno de dichos procesos, todo ello con el fin de aumentar la eficiencia de la empresa y la satisfacci\u00f3n del cliente.\t\t\t\t\t\t\t\t<\/div>\n\t\t\t\t<\/div>\n\t\t\t\t\t<\/div>\n\t\t<\/div>\n\t\t\t\t\t<\/div>\n\t\t<\/section>\n\t\t\t\t<\/div>\n\t\t","protected":false},"excerpt":{"rendered":"<p>Proceso de gesti\u00f3n hol\u00edstico enfocado en alinear todos los aspectos de las organizaciones con las necesidades [&hellip;]<\/p>\n","protected":false},"author":1,"featured_media":14409,"parent":0,"menu_order":0,"comment_status":"closed","ping_status":"closed","template":"","meta":{"footnotes":""},"class_list":["post-14446","page","type-page","status-publish","has-post-thumbnail","hentry"],"yoast_head":"<!-- This site is optimized with the Yoast SEO plugin v27.1.1 - https:\/\/yoast.com\/product\/yoast-seo-wordpress\/ -->\n<title>Business Process Management -<\/title>\n<meta name=\"robots\" content=\"index, follow, max-snippet:-1, max-image-preview:large, max-video-preview:-1\" \/>\n<link rel=\"canonical\" href=\"https:\/\/goldenti.com\/site\/business-process-management\/\" \/>\n<meta property=\"og:locale\" content=\"es_ES\" \/>\n<meta property=\"og:type\" content=\"article\" \/>\n<meta property=\"og:title\" content=\"Business Process Management -\" \/>\n<meta property=\"og:description\" content=\"Proceso de gesti\u00f3n hol\u00edstico enfocado en alinear todos los aspectos de las organizaciones con las necesidades [&hellip;]\" \/>\n<meta property=\"og:url\" content=\"https:\/\/goldenti.com\/site\/business-process-management\/\" \/>\n<meta property=\"article:modified_time\" content=\"2020-06-08T23:30:23+00:00\" \/>\n<meta property=\"og:image\" content=\"https:\/\/goldenti.com\/site\/wp-content\/uploads\/2012\/02\/bpm-flowchart.png\" \/>\n\t<meta property=\"og:image:width\" content=\"325\" \/>\n\t<meta property=\"og:image:height\" content=\"326\" \/>\n\t<meta property=\"og:image:type\" content=\"image\/png\" \/>\n<meta name=\"twitter:card\" content=\"summary_large_image\" \/>\n<meta name=\"twitter:label1\" content=\"Tiempo de lectura\" \/>\n\t<meta name=\"twitter:data1\" content=\"2 minutos\" \/>\n<script type=\"application\/ld+json\" class=\"yoast-schema-graph\">{\"@context\":\"https:\/\/schema.org\",\"@graph\":[{\"@type\":\"WebPage\",\"@id\":\"https:\/\/goldenti.com\/site\/business-process-management\/\",\"url\":\"https:\/\/goldenti.com\/site\/business-process-management\/\",\"name\":\"Business Process Management -\",\"isPartOf\":{\"@id\":\"https:\/\/goldenti.com\/site\/#website\"},\"primaryImageOfPage\":{\"@id\":\"https:\/\/goldenti.com\/site\/business-process-management\/#primaryimage\"},\"image\":{\"@id\":\"https:\/\/goldenti.com\/site\/business-process-management\/#primaryimage\"},\"thumbnailUrl\":\"https:\/\/goldenti.com\/site\/wp-content\/uploads\/2012\/02\/bpm-flowchart.png\",\"datePublished\":\"2015-06-30T19:01:19+00:00\",\"dateModified\":\"2020-06-08T23:30:23+00:00\",\"breadcrumb\":{\"@id\":\"https:\/\/goldenti.com\/site\/business-process-management\/#breadcrumb\"},\"inLanguage\":\"es\",\"potentialAction\":[{\"@type\":\"ReadAction\",\"target\":[\"https:\/\/goldenti.com\/site\/business-process-management\/\"]}]},{\"@type\":\"ImageObject\",\"inLanguage\":\"es\",\"@id\":\"https:\/\/goldenti.com\/site\/business-process-management\/#primaryimage\",\"url\":\"https:\/\/goldenti.com\/site\/wp-content\/uploads\/2012\/02\/bpm-flowchart.png\",\"contentUrl\":\"https:\/\/goldenti.com\/site\/wp-content\/uploads\/2012\/02\/bpm-flowchart.png\",\"width\":325,\"height\":326},{\"@type\":\"BreadcrumbList\",\"@id\":\"https:\/\/goldenti.com\/site\/business-process-management\/#breadcrumb\",\"itemListElement\":[{\"@type\":\"ListItem\",\"position\":1,\"name\":\"Portada\",\"item\":\"https:\/\/goldenti.com\/site\/\"},{\"@type\":\"ListItem\",\"position\":2,\"name\":\"Business Process Management\"}]},{\"@type\":\"WebSite\",\"@id\":\"https:\/\/goldenti.com\/site\/#website\",\"url\":\"https:\/\/goldenti.com\/site\/\",\"name\":\"\",\"description\":\"\",\"potentialAction\":[{\"@type\":\"SearchAction\",\"target\":{\"@type\":\"EntryPoint\",\"urlTemplate\":\"https:\/\/goldenti.com\/site\/?s={search_term_string}\"},\"query-input\":{\"@type\":\"PropertyValueSpecification\",\"valueRequired\":true,\"valueName\":\"search_term_string\"}}],\"inLanguage\":\"es\"}]}<\/script>\n<!-- \/ Yoast SEO plugin. -->","yoast_head_json":{"title":"Business Process Management -","robots":{"index":"index","follow":"follow","max-snippet":"max-snippet:-1","max-image-preview":"max-image-preview:large","max-video-preview":"max-video-preview:-1"},"canonical":"https:\/\/goldenti.com\/site\/business-process-management\/","og_locale":"es_ES","og_type":"article","og_title":"Business Process Management -","og_description":"Proceso de gesti\u00f3n hol\u00edstico enfocado en alinear todos los aspectos de las organizaciones con las necesidades [&hellip;]","og_url":"https:\/\/goldenti.com\/site\/business-process-management\/","article_modified_time":"2020-06-08T23:30:23+00:00","og_image":[{"width":325,"height":326,"url":"https:\/\/goldenti.com\/site\/wp-content\/uploads\/2012\/02\/bpm-flowchart.png","type":"image\/png"}],"twitter_card":"summary_large_image","twitter_misc":{"Tiempo de lectura":"2 minutos"},"schema":{"@context":"https:\/\/schema.org","@graph":[{"@type":"WebPage","@id":"https:\/\/goldenti.com\/site\/business-process-management\/","url":"https:\/\/goldenti.com\/site\/business-process-management\/","name":"Business Process Management -","isPartOf":{"@id":"https:\/\/goldenti.com\/site\/#website"},"primaryImageOfPage":{"@id":"https:\/\/goldenti.com\/site\/business-process-management\/#primaryimage"},"image":{"@id":"https:\/\/goldenti.com\/site\/business-process-management\/#primaryimage"},"thumbnailUrl":"https:\/\/goldenti.com\/site\/wp-content\/uploads\/2012\/02\/bpm-flowchart.png","datePublished":"2015-06-30T19:01:19+00:00","dateModified":"2020-06-08T23:30:23+00:00","breadcrumb":{"@id":"https:\/\/goldenti.com\/site\/business-process-management\/#breadcrumb"},"inLanguage":"es","potentialAction":[{"@type":"ReadAction","target":["https:\/\/goldenti.com\/site\/business-process-management\/"]}]},{"@type":"ImageObject","inLanguage":"es","@id":"https:\/\/goldenti.com\/site\/business-process-management\/#primaryimage","url":"https:\/\/goldenti.com\/site\/wp-content\/uploads\/2012\/02\/bpm-flowchart.png","contentUrl":"https:\/\/goldenti.com\/site\/wp-content\/uploads\/2012\/02\/bpm-flowchart.png","width":325,"height":326},{"@type":"BreadcrumbList","@id":"https:\/\/goldenti.com\/site\/business-process-management\/#breadcrumb","itemListElement":[{"@type":"ListItem","position":1,"name":"Portada","item":"https:\/\/goldenti.com\/site\/"},{"@type":"ListItem","position":2,"name":"Business Process Management"}]},{"@type":"WebSite","@id":"https:\/\/goldenti.com\/site\/#website","url":"https:\/\/goldenti.com\/site\/","name":"","description":"","potentialAction":[{"@type":"SearchAction","target":{"@type":"EntryPoint","urlTemplate":"https:\/\/goldenti.com\/site\/?s={search_term_string}"},"query-input":{"@type":"PropertyValueSpecification","valueRequired":true,"valueName":"search_term_string"}}],"inLanguage":"es"}]}},"_links":{"self":[{"href":"https:\/\/goldenti.com\/site\/wp-json\/wp\/v2\/pages\/14446","targetHints":{"allow":["GET"]}}],"collection":[{"href":"https:\/\/goldenti.com\/site\/wp-json\/wp\/v2\/pages"}],"about":[{"href":"https:\/\/goldenti.com\/site\/wp-json\/wp\/v2\/types\/page"}],"author":[{"embeddable":true,"href":"https:\/\/goldenti.com\/site\/wp-json\/wp\/v2\/users\/1"}],"replies":[{"embeddable":true,"href":"https:\/\/goldenti.com\/site\/wp-json\/wp\/v2\/comments?post=14446"}],"version-history":[{"count":6,"href":"https:\/\/goldenti.com\/site\/wp-json\/wp\/v2\/pages\/14446\/revisions"}],"predecessor-version":[{"id":23757,"href":"https:\/\/goldenti.com\/site\/wp-json\/wp\/v2\/pages\/14446\/revisions\/23757"}],"wp:featuredmedia":[{"embeddable":true,"href":"https:\/\/goldenti.com\/site\/wp-json\/wp\/v2\/media\/14409"}],"wp:attachment":[{"href":"https:\/\/goldenti.com\/site\/wp-json\/wp\/v2\/media?parent=14446"}],"curies":[{"name":"wp","href":"https:\/\/api.w.org\/{rel}","templated":true}]}}