{"id":14984,"date":"2015-09-14T14:54:40","date_gmt":"2015-09-14T20:54:40","guid":{"rendered":"http:\/\/goldenti.com\/site\/?page_id=14984"},"modified":"2020-07-21T12:38:05","modified_gmt":"2020-07-21T18:38:05","slug":"iso-9001","status":"publish","type":"page","link":"https:\/\/goldenti.com\/site\/iso-9001\/","title":{"rendered":"ISO 9001"},"content":{"rendered":"<h1 class=\"main-header\" style=\"text-align: center;\"><a href=\"http:\/\/goldenti.com\/site\/wp-content\/uploads\/2015\/09\/iso_high.jpg\"><img fetchpriority=\"high\" decoding=\"async\" class=\" wp-image-15115 alignnone\" src=\"http:\/\/goldenti.com\/site\/wp-content\/uploads\/2015\/09\/iso_high-1024x461.jpg\" alt=\"iso_high\" width=\"399\" height=\"180\" srcset=\"https:\/\/goldenti.com\/site\/wp-content\/uploads\/2015\/09\/iso_high-1024x461.jpg 1024w, https:\/\/goldenti.com\/site\/wp-content\/uploads\/2015\/09\/iso_high-300x135.jpg 300w\" sizes=\"(max-width: 399px) 100vw, 399px\" \/><\/a><\/h1>\n<h1 class=\"main-header\">\u00bfQu\u00e9 es ISO 9001?<\/h1>\n<div class=\"body-copy span-2 last\">\n<p>ISO 9001 es una norma de sistemas de gesti\u00f3n de la calidad (SGC) reconocida internacionalmente. La norma ISO 9001 es un referente mundial en SGC, superando el mill\u00f3n de certificados en todo el mundo.<\/p>\n<h2>\u00bfQui\u00e9n puede aplicar ISO 9001?<\/h2>\n<p>La norma ISO 9001 es aplicable a cualquier organizaci\u00f3n \u2013 independientemente de su tama\u00f1o y ubicaci\u00f3n geogr\u00e1fica. Una de las principales fortalezas de la norma ISO 9001 es su gran atractivo para todo tipo de organizaciones. Al centrarse en los procesos y en la satisfacci\u00f3n del cliente en lugar de en procedimientos, es igualmente aplicable tanto a proveedores de servicios como a fabricantes.<\/p>\n<p>Los sectores internacionales siguen centrando sus esfuerzos en la calidad, con SGC espec\u00edficos derivados de la norma ISO 9001, aplicables a los sectores de la automoci\u00f3n, aeroespacial, defensa y medicina.<\/p>\n<h2>\u00bfPor qu\u00e9 es importante ISO 9001 para su negocio?<\/h2>\n<p>La norma ISO 9001 de sistemas de gesti\u00f3n de la calidad proporciona la infraestructura, procedimientos, procesos y recursos necesarios para ayudar a las organizaciones a controlar y mejorar su rendimiento y conducirles hacia la eficiencia, servicio al cliente y excelencia en el producto.<\/p>\n<blockquote class=\"quote span-1 pull-right\"><p>\u00abLas organizaciones que aplican la norma ISO tienen mayores tasas de supervivencia, de ventas y de crecimiento de puestos de trabajo\u00bb.<\/p>\n<p><small>Mike Toffel, Associate Professor, Harvard Business School<\/small><\/p><\/blockquote>\n<p>La certificaci\u00f3n ISO 9001 SGC le ayuda a transmitir:<\/p>\n<ul class=\"bulleted\">\n<li>Compromiso a sus accionistas<\/li>\n<li>Reputaci\u00f3n de su organizaci\u00f3n<\/li>\n<li>Satisfacci\u00f3n de cliente<\/li>\n<li>Ventaja competitiva<\/li>\n<\/ul>\n<p>En los \u00faltimos a\u00f1os se han realizado numerosos estudios independientes que demuestran los beneficios de implementar la norma ISO 9001; uno de ellos es un art\u00edculo recientemente publicado en una prestigiosa revista revisada por periodistas acad\u00e9micos de Harvard Business School.<\/p>\n<h2>Beneficios de ISO 9001<\/h2>\n<ul>\n<li>\n<p align=\"JUSTIFY\"><span style=\"color: #222222;\"><span style=\"font-family: Arial, serif;\"><span style=\"font-size: medium;\">Incremento en la eficiencia en los procesos.<\/span><\/span><\/span><\/p>\n<\/li>\n<li>\n<p align=\"JUSTIFY\"><span style=\"color: #222222;\"><span style=\"font-family: Arial, serif;\"><span style=\"font-size: medium;\">Promueve la mejora continua.<\/span><\/span><\/span><\/p>\n<\/li>\n<li>\n<p align=\"JUSTIFY\"><span style=\"color: #222222;\"><span style=\"font-family: Arial, serif;\"><span style=\"font-size: medium;\">Enfoque en la satisfacci\u00f3n de los clientes<\/span><\/span><\/span><\/p>\n<\/li>\n<li>\n<p align=\"JUSTIFY\"><span style=\"color: #222222;\"><span style=\"font-family: Arial, serif;\"><span style=\"font-size: medium;\">Aumento del acceso a mercados que requieren mayores control de proceso<\/span><\/span><\/span><\/p>\n<\/li>\n<li>\n<p align=\"JUSTIFY\"><span style=\"color: #222222;\"><span style=\"font-family: Arial, serif;\"><span style=\"font-size: medium;\">Mejora de la comunicaci\u00f3n interna<\/span><\/span><\/span><\/p>\n<\/li>\n<li>\n<p align=\"JUSTIFY\"><span style=\"color: #222222;\"><span style=\"font-family: Arial, serif;\"><span style=\"font-size: medium;\">Enfoque en la gesti\u00f3n de riesgos y;<\/span><\/span><\/span><\/p>\n<\/li>\n<li>\n<p align=\"JUSTIFY\"><span style=\"color: #222222;\"><span style=\"font-family: Arial, serif;\"><span style=\"font-size: medium;\">Incremente en la satisfacci\u00f3n de los trabajadores.<\/span><\/span><\/span><\/p>\n<\/li>\n<\/ul>\n<p align=\"JUSTIFY\"><a name=\"_GoBack\"><\/a> <span style=\"color: #222222;\"><span style=\"font-family: Arial, serif;\"><span style=\"font-size: medium;\">Golden TI apoya a las organizaciones a gestionar sus sistemas y sus riesgos para mejorar y proteger sus resultados presentes y futuros a trav\u00e9s de procesos de consultor\u00eda y desarrollo de competencias<\/span><\/span><\/span><\/p>\n<\/div>\n","protected":false},"excerpt":{"rendered":"<p>\u00bfQu\u00e9 es ISO 9001? ISO 9001 es una norma de sistemas de gesti\u00f3n de la calidad [&hellip;]<\/p>\n","protected":false},"author":7,"featured_media":0,"parent":0,"menu_order":0,"comment_status":"closed","ping_status":"closed","template":"","meta":{"footnotes":""},"class_list":["post-14984","page","type-page","status-publish","hentry"],"yoast_head":"<!-- This site is optimized with the Yoast SEO plugin v27.1.1 - https:\/\/yoast.com\/product\/yoast-seo-wordpress\/ -->\n<title>ISO 9001 -<\/title>\n<meta name=\"robots\" content=\"index, follow, max-snippet:-1, max-image-preview:large, max-video-preview:-1\" \/>\n<link rel=\"canonical\" href=\"https:\/\/goldenti.com\/site\/iso-9001\/\" \/>\n<meta property=\"og:locale\" content=\"es_ES\" \/>\n<meta property=\"og:type\" content=\"article\" \/>\n<meta property=\"og:title\" content=\"ISO 9001 -\" \/>\n<meta property=\"og:description\" content=\"\u00bfQu\u00e9 es ISO 9001? ISO 9001 es una norma de sistemas de gesti\u00f3n de la calidad [&hellip;]\" \/>\n<meta property=\"og:url\" content=\"https:\/\/goldenti.com\/site\/iso-9001\/\" \/>\n<meta property=\"article:modified_time\" content=\"2020-07-21T18:38:05+00:00\" \/>\n<meta property=\"og:image\" content=\"http:\/\/goldenti.com\/site\/wp-content\/uploads\/2015\/09\/iso_high-1024x461.jpg\" \/>\n<meta name=\"twitter:card\" content=\"summary_large_image\" \/>\n<meta name=\"twitter:label1\" content=\"Tiempo de lectura\" \/>\n\t<meta name=\"twitter:data1\" content=\"2 minutos\" \/>\n<script type=\"application\/ld+json\" class=\"yoast-schema-graph\">{\"@context\":\"https:\/\/schema.org\",\"@graph\":[{\"@type\":\"WebPage\",\"@id\":\"https:\/\/goldenti.com\/site\/iso-9001\/\",\"url\":\"https:\/\/goldenti.com\/site\/iso-9001\/\",\"name\":\"ISO 9001 -\",\"isPartOf\":{\"@id\":\"https:\/\/goldenti.com\/site\/#website\"},\"primaryImageOfPage\":{\"@id\":\"https:\/\/goldenti.com\/site\/iso-9001\/#primaryimage\"},\"image\":{\"@id\":\"https:\/\/goldenti.com\/site\/iso-9001\/#primaryimage\"},\"thumbnailUrl\":\"http:\/\/goldenti.com\/site\/wp-content\/uploads\/2015\/09\/iso_high-1024x461.jpg\",\"datePublished\":\"2015-09-14T20:54:40+00:00\",\"dateModified\":\"2020-07-21T18:38:05+00:00\",\"breadcrumb\":{\"@id\":\"https:\/\/goldenti.com\/site\/iso-9001\/#breadcrumb\"},\"inLanguage\":\"es\",\"potentialAction\":[{\"@type\":\"ReadAction\",\"target\":[\"https:\/\/goldenti.com\/site\/iso-9001\/\"]}]},{\"@type\":\"ImageObject\",\"inLanguage\":\"es\",\"@id\":\"https:\/\/goldenti.com\/site\/iso-9001\/#primaryimage\",\"url\":\"http:\/\/goldenti.com\/site\/wp-content\/uploads\/2015\/09\/iso_high-1024x461.jpg\",\"contentUrl\":\"http:\/\/goldenti.com\/site\/wp-content\/uploads\/2015\/09\/iso_high-1024x461.jpg\"},{\"@type\":\"BreadcrumbList\",\"@id\":\"https:\/\/goldenti.com\/site\/iso-9001\/#breadcrumb\",\"itemListElement\":[{\"@type\":\"ListItem\",\"position\":1,\"name\":\"Portada\",\"item\":\"https:\/\/goldenti.com\/site\/\"},{\"@type\":\"ListItem\",\"position\":2,\"name\":\"ISO 9001\"}]},{\"@type\":\"WebSite\",\"@id\":\"https:\/\/goldenti.com\/site\/#website\",\"url\":\"https:\/\/goldenti.com\/site\/\",\"name\":\"\",\"description\":\"\",\"potentialAction\":[{\"@type\":\"SearchAction\",\"target\":{\"@type\":\"EntryPoint\",\"urlTemplate\":\"https:\/\/goldenti.com\/site\/?s={search_term_string}\"},\"query-input\":{\"@type\":\"PropertyValueSpecification\",\"valueRequired\":true,\"valueName\":\"search_term_string\"}}],\"inLanguage\":\"es\"}]}<\/script>\n<!-- \/ Yoast SEO plugin. -->","yoast_head_json":{"title":"ISO 9001 -","robots":{"index":"index","follow":"follow","max-snippet":"max-snippet:-1","max-image-preview":"max-image-preview:large","max-video-preview":"max-video-preview:-1"},"canonical":"https:\/\/goldenti.com\/site\/iso-9001\/","og_locale":"es_ES","og_type":"article","og_title":"ISO 9001 -","og_description":"\u00bfQu\u00e9 es ISO 9001? ISO 9001 es una norma de sistemas de gesti\u00f3n de la calidad [&hellip;]","og_url":"https:\/\/goldenti.com\/site\/iso-9001\/","article_modified_time":"2020-07-21T18:38:05+00:00","og_image":[{"url":"http:\/\/goldenti.com\/site\/wp-content\/uploads\/2015\/09\/iso_high-1024x461.jpg","type":"","width":"","height":""}],"twitter_card":"summary_large_image","twitter_misc":{"Tiempo de lectura":"2 minutos"},"schema":{"@context":"https:\/\/schema.org","@graph":[{"@type":"WebPage","@id":"https:\/\/goldenti.com\/site\/iso-9001\/","url":"https:\/\/goldenti.com\/site\/iso-9001\/","name":"ISO 9001 -","isPartOf":{"@id":"https:\/\/goldenti.com\/site\/#website"},"primaryImageOfPage":{"@id":"https:\/\/goldenti.com\/site\/iso-9001\/#primaryimage"},"image":{"@id":"https:\/\/goldenti.com\/site\/iso-9001\/#primaryimage"},"thumbnailUrl":"http:\/\/goldenti.com\/site\/wp-content\/uploads\/2015\/09\/iso_high-1024x461.jpg","datePublished":"2015-09-14T20:54:40+00:00","dateModified":"2020-07-21T18:38:05+00:00","breadcrumb":{"@id":"https:\/\/goldenti.com\/site\/iso-9001\/#breadcrumb"},"inLanguage":"es","potentialAction":[{"@type":"ReadAction","target":["https:\/\/goldenti.com\/site\/iso-9001\/"]}]},{"@type":"ImageObject","inLanguage":"es","@id":"https:\/\/goldenti.com\/site\/iso-9001\/#primaryimage","url":"http:\/\/goldenti.com\/site\/wp-content\/uploads\/2015\/09\/iso_high-1024x461.jpg","contentUrl":"http:\/\/goldenti.com\/site\/wp-content\/uploads\/2015\/09\/iso_high-1024x461.jpg"},{"@type":"BreadcrumbList","@id":"https:\/\/goldenti.com\/site\/iso-9001\/#breadcrumb","itemListElement":[{"@type":"ListItem","position":1,"name":"Portada","item":"https:\/\/goldenti.com\/site\/"},{"@type":"ListItem","position":2,"name":"ISO 9001"}]},{"@type":"WebSite","@id":"https:\/\/goldenti.com\/site\/#website","url":"https:\/\/goldenti.com\/site\/","name":"","description":"","potentialAction":[{"@type":"SearchAction","target":{"@type":"EntryPoint","urlTemplate":"https:\/\/goldenti.com\/site\/?s={search_term_string}"},"query-input":{"@type":"PropertyValueSpecification","valueRequired":true,"valueName":"search_term_string"}}],"inLanguage":"es"}]}},"_links":{"self":[{"href":"https:\/\/goldenti.com\/site\/wp-json\/wp\/v2\/pages\/14984","targetHints":{"allow":["GET"]}}],"collection":[{"href":"https:\/\/goldenti.com\/site\/wp-json\/wp\/v2\/pages"}],"about":[{"href":"https:\/\/goldenti.com\/site\/wp-json\/wp\/v2\/types\/page"}],"author":[{"embeddable":true,"href":"https:\/\/goldenti.com\/site\/wp-json\/wp\/v2\/users\/7"}],"replies":[{"embeddable":true,"href":"https:\/\/goldenti.com\/site\/wp-json\/wp\/v2\/comments?post=14984"}],"version-history":[{"count":8,"href":"https:\/\/goldenti.com\/site\/wp-json\/wp\/v2\/pages\/14984\/revisions"}],"predecessor-version":[{"id":24033,"href":"https:\/\/goldenti.com\/site\/wp-json\/wp\/v2\/pages\/14984\/revisions\/24033"}],"wp:attachment":[{"href":"https:\/\/goldenti.com\/site\/wp-json\/wp\/v2\/media?parent=14984"}],"curies":[{"name":"wp","href":"https:\/\/api.w.org\/{rel}","templated":true}]}}