{"id":15019,"date":"2015-09-14T15:51:30","date_gmt":"2015-09-14T21:51:30","guid":{"rendered":"http:\/\/goldenti.com\/site\/?page_id=15019"},"modified":"2015-09-23T10:44:33","modified_gmt":"2015-09-23T16:44:33","slug":"iso-28000","status":"publish","type":"page","link":"https:\/\/goldenti.com\/site\/iso-28000\/","title":{"rendered":"ISO 28000"},"content":{"rendered":"<h1 class=\"main-header\"><img fetchpriority=\"high\" decoding=\"async\" class=\"wp-image-15198 aligncenter\" src=\"http:\/\/goldenti.com\/site\/wp-content\/uploads\/2015\/09\/mzl.yzobjznz.png\" alt=\"mzl.yzobjznz\" width=\"236\" height=\"236\" srcset=\"https:\/\/goldenti.com\/site\/wp-content\/uploads\/2015\/09\/mzl.yzobjznz.png 1024w, https:\/\/goldenti.com\/site\/wp-content\/uploads\/2015\/09\/mzl.yzobjznz-300x300.png 300w\" sizes=\"(max-width: 236px) 100vw, 236px\" \/>\u00bfQu\u00e9 es ISO 28000?<\/h1>\n<div class=\"body-copy span-2 last\">\n<p>Casi todas las organizaciones conf\u00edan de alguna manera en su cadena de suministro para garantizar la continuidad de su negocio, lo cual les hace vulnerables si el suministro se interrumpe por cualquier motivo. Para evitar que esto ocurra y se gestionen los riesgos de seguridad en esta realidad \u00a0de mercado tan volatil, la Organizaci\u00f3n Internacional de la Normalizaci\u00f3n en colaboraci\u00f3n con Lloyd\u00b4s Register, ha publicado la norma ISO 28000 de Sistemas de Gesti\u00f3n de Seguridad de la Cadena de Suministro.<\/p>\n<p>Esta norma internacional de continuidad de negocio, ofrece a las organizaciones que trabajan dentro de o que dependen de la industria log\u00edstica, una estructura que identifica aspectos cr\u00edticos en el aseguramiento de la cadena de suministro. Estos aspectos incluyen, pero no se limitan a, financiaci\u00f3n, producci\u00f3n, gesti\u00f3n de la informaci\u00f3n y de las instalaciones para el envasado, almacenaje, y el traslado de productos entre los medios de transporte y las distintas ubicaciones.<\/p>\n<p>A partir de la auditor\u00eda, las organizaciones pueden identificar los puntos cr\u00edticos dentro de su cadena de suministro, para minimizar la posibilidad de que se produzcan interrupciones en sus procesos y garantizar la continuidad de negocio.<\/p>\n<h2>\u00bfQui\u00e9n puede aplicar ISO 28000?<\/h2>\n<p>La norma ISO 28000 es una especificaci\u00f3n de sistemas de gesti\u00f3n que ha sido dise\u00f1ada y desarrollada espec\u00edficamente por empresas log\u00edsticas \u00a0y organizaciones que gestionan operaciones de la cadena de suministro. Esta norma fue publicada por el Organismo Internacional de Normalizaci\u00f3n \u00a0en Septiembre de 2007 para poder ser aplicada a cualquier organizaci\u00f3n independientemente de su tama\u00f1o, sector y ubicaci\u00f3n geogr\u00e1fica.<\/p>\n<h2>\u00bfPor qu\u00e9 es importante ISO 28000 para su negocio?<\/h2>\n<p>La norma ISO 28000 de Seguridad de la Cadena de Suministro proporciona a las organizaciones:<\/p>\n<ul>\n<li><strong>Confianza<\/strong> &#8211; para probar la existencia de un sistema fuerte y seguro de gesti\u00f3n de su cadena de suministro frente a reguladores y autoridades<\/li>\n<li><strong>Coherencia<\/strong> &#8211; \u00a0para proporcionar un enfoque coherente com\u00fan a todos los proveedores dentro de su cadena de suministro<\/li>\n<li><strong>Satisfacci\u00f3n del cliente<\/strong> &#8211; para demostrar la habilidad que posee la organizaci\u00f3n de cumplir con los requisitos del cliente<\/li>\n<li><strong>Gesti\u00f3n del riesgo<\/strong> &#8211; puede ayudar a todos los sectores de la industria a evaluar sus riesgos de seguridad y a implantar controles o atenuantes para gestionar las amenazas y potenciales impactos en la seguridad de su cadena de suministro<\/li>\n<li><strong>F\u00e1cil integraci\u00f3n<\/strong> &#8211; al utilizar un sistema de gesti\u00f3n basado en el m\u00e9todo \u00abPlan-Do-Check-Act\u00bb ya implantado y probado en la norma ISO 14001, las organizaciones ya familiarizadas con este enfoque basado en riesgos, podr\u00e1n utilizar un enfoque similar para analizar los peligros y los riesgos de seguridad de su cadena de suministro<\/li>\n<li><strong>Proveedor de elecci\u00f3n<\/strong> &#8211; podr\u00e1 demostrar a las autoridades aduaneras su capacidad para gestionar los temas relacionados con la seguridad alimentaria dentro de su cadena de suministro. Esto es importante cuando una organizaci\u00f3n est\u00e1 considerando la posibilidad de solicitar su reconocimiento como \u00abOperador \u00a0Econ\u00f3mico Autorizado\u00bb (AEO), ya que muchos de los requisitos son parecidos<\/li>\n<\/ul>\n<h2>Beneficios de ISO 28000<\/h2>\n<p>Robustece los procesos operativos de la cadena de suministro lo cual se traduce en una posici\u00f3n muy competitiva que habilita a a las organizaciones a gestionar sus riesgos de seguridad y garantizar la continuidad de su suministro a sus clientes.<\/p>\n<p>Al utilizar la metodolog\u00eda de Golden TI \u00a0ofrecemos beneficios tangibles a nuestros clientes , ya que nos permite poder ayudar a las organizaciones a vincular la gesti\u00f3n de la seguridad con otros muchos aspectos de su actividad empresarial. Nuestros procesos de auditoria y verificaci\u00f3n abarcan todas las actividades controladas o influenciadas por las organizaciones que afectan la seguridad de su cadena de suministro.<\/p>\n<\/div>\n","protected":false},"excerpt":{"rendered":"<p>\u00bfQu\u00e9 es ISO 28000? Casi todas las organizaciones conf\u00edan de alguna manera en su cadena de [&hellip;]<\/p>\n","protected":false},"author":7,"featured_media":0,"parent":0,"menu_order":0,"comment_status":"closed","ping_status":"closed","template":"","meta":{"footnotes":""},"class_list":["post-15019","page","type-page","status-publish","hentry"],"yoast_head":"<!-- This site is optimized with the Yoast SEO plugin v27.1.1 - https:\/\/yoast.com\/product\/yoast-seo-wordpress\/ -->\n<title>ISO 28000 -<\/title>\n<meta name=\"robots\" content=\"index, follow, max-snippet:-1, max-image-preview:large, max-video-preview:-1\" \/>\n<link rel=\"canonical\" href=\"https:\/\/goldenti.com\/site\/iso-28000\/\" \/>\n<meta property=\"og:locale\" content=\"es_ES\" \/>\n<meta property=\"og:type\" content=\"article\" \/>\n<meta property=\"og:title\" content=\"ISO 28000 -\" \/>\n<meta property=\"og:description\" content=\"\u00bfQu\u00e9 es ISO 28000? Casi todas las organizaciones conf\u00edan de alguna manera en su cadena de [&hellip;]\" \/>\n<meta property=\"og:url\" content=\"https:\/\/goldenti.com\/site\/iso-28000\/\" \/>\n<meta property=\"article:modified_time\" content=\"2015-09-23T16:44:33+00:00\" \/>\n<meta property=\"og:image\" content=\"http:\/\/goldenti.com\/site\/wp-content\/uploads\/2015\/09\/mzl.yzobjznz.png\" \/>\n<meta name=\"twitter:card\" content=\"summary_large_image\" \/>\n<meta name=\"twitter:label1\" content=\"Tiempo de lectura\" \/>\n\t<meta name=\"twitter:data1\" content=\"3 minutos\" \/>\n<script type=\"application\/ld+json\" class=\"yoast-schema-graph\">{\"@context\":\"https:\/\/schema.org\",\"@graph\":[{\"@type\":\"WebPage\",\"@id\":\"https:\/\/goldenti.com\/site\/iso-28000\/\",\"url\":\"https:\/\/goldenti.com\/site\/iso-28000\/\",\"name\":\"ISO 28000 -\",\"isPartOf\":{\"@id\":\"https:\/\/goldenti.com\/site\/#website\"},\"primaryImageOfPage\":{\"@id\":\"https:\/\/goldenti.com\/site\/iso-28000\/#primaryimage\"},\"image\":{\"@id\":\"https:\/\/goldenti.com\/site\/iso-28000\/#primaryimage\"},\"thumbnailUrl\":\"http:\/\/goldenti.com\/site\/wp-content\/uploads\/2015\/09\/mzl.yzobjznz.png\",\"datePublished\":\"2015-09-14T21:51:30+00:00\",\"dateModified\":\"2015-09-23T16:44:33+00:00\",\"breadcrumb\":{\"@id\":\"https:\/\/goldenti.com\/site\/iso-28000\/#breadcrumb\"},\"inLanguage\":\"es\",\"potentialAction\":[{\"@type\":\"ReadAction\",\"target\":[\"https:\/\/goldenti.com\/site\/iso-28000\/\"]}]},{\"@type\":\"ImageObject\",\"inLanguage\":\"es\",\"@id\":\"https:\/\/goldenti.com\/site\/iso-28000\/#primaryimage\",\"url\":\"https:\/\/goldenti.com\/site\/wp-content\/uploads\/2015\/09\/mzl.yzobjznz.png\",\"contentUrl\":\"https:\/\/goldenti.com\/site\/wp-content\/uploads\/2015\/09\/mzl.yzobjznz.png\",\"width\":1024,\"height\":1024},{\"@type\":\"BreadcrumbList\",\"@id\":\"https:\/\/goldenti.com\/site\/iso-28000\/#breadcrumb\",\"itemListElement\":[{\"@type\":\"ListItem\",\"position\":1,\"name\":\"Portada\",\"item\":\"https:\/\/goldenti.com\/site\/\"},{\"@type\":\"ListItem\",\"position\":2,\"name\":\"ISO 28000\"}]},{\"@type\":\"WebSite\",\"@id\":\"https:\/\/goldenti.com\/site\/#website\",\"url\":\"https:\/\/goldenti.com\/site\/\",\"name\":\"\",\"description\":\"\",\"potentialAction\":[{\"@type\":\"SearchAction\",\"target\":{\"@type\":\"EntryPoint\",\"urlTemplate\":\"https:\/\/goldenti.com\/site\/?s={search_term_string}\"},\"query-input\":{\"@type\":\"PropertyValueSpecification\",\"valueRequired\":true,\"valueName\":\"search_term_string\"}}],\"inLanguage\":\"es\"}]}<\/script>\n<!-- \/ Yoast SEO plugin. -->","yoast_head_json":{"title":"ISO 28000 -","robots":{"index":"index","follow":"follow","max-snippet":"max-snippet:-1","max-image-preview":"max-image-preview:large","max-video-preview":"max-video-preview:-1"},"canonical":"https:\/\/goldenti.com\/site\/iso-28000\/","og_locale":"es_ES","og_type":"article","og_title":"ISO 28000 -","og_description":"\u00bfQu\u00e9 es ISO 28000? Casi todas las organizaciones conf\u00edan de alguna manera en su cadena de [&hellip;]","og_url":"https:\/\/goldenti.com\/site\/iso-28000\/","article_modified_time":"2015-09-23T16:44:33+00:00","og_image":[{"url":"http:\/\/goldenti.com\/site\/wp-content\/uploads\/2015\/09\/mzl.yzobjznz.png","type":"","width":"","height":""}],"twitter_card":"summary_large_image","twitter_misc":{"Tiempo de lectura":"3 minutos"},"schema":{"@context":"https:\/\/schema.org","@graph":[{"@type":"WebPage","@id":"https:\/\/goldenti.com\/site\/iso-28000\/","url":"https:\/\/goldenti.com\/site\/iso-28000\/","name":"ISO 28000 -","isPartOf":{"@id":"https:\/\/goldenti.com\/site\/#website"},"primaryImageOfPage":{"@id":"https:\/\/goldenti.com\/site\/iso-28000\/#primaryimage"},"image":{"@id":"https:\/\/goldenti.com\/site\/iso-28000\/#primaryimage"},"thumbnailUrl":"http:\/\/goldenti.com\/site\/wp-content\/uploads\/2015\/09\/mzl.yzobjznz.png","datePublished":"2015-09-14T21:51:30+00:00","dateModified":"2015-09-23T16:44:33+00:00","breadcrumb":{"@id":"https:\/\/goldenti.com\/site\/iso-28000\/#breadcrumb"},"inLanguage":"es","potentialAction":[{"@type":"ReadAction","target":["https:\/\/goldenti.com\/site\/iso-28000\/"]}]},{"@type":"ImageObject","inLanguage":"es","@id":"https:\/\/goldenti.com\/site\/iso-28000\/#primaryimage","url":"https:\/\/goldenti.com\/site\/wp-content\/uploads\/2015\/09\/mzl.yzobjznz.png","contentUrl":"https:\/\/goldenti.com\/site\/wp-content\/uploads\/2015\/09\/mzl.yzobjznz.png","width":1024,"height":1024},{"@type":"BreadcrumbList","@id":"https:\/\/goldenti.com\/site\/iso-28000\/#breadcrumb","itemListElement":[{"@type":"ListItem","position":1,"name":"Portada","item":"https:\/\/goldenti.com\/site\/"},{"@type":"ListItem","position":2,"name":"ISO 28000"}]},{"@type":"WebSite","@id":"https:\/\/goldenti.com\/site\/#website","url":"https:\/\/goldenti.com\/site\/","name":"","description":"","potentialAction":[{"@type":"SearchAction","target":{"@type":"EntryPoint","urlTemplate":"https:\/\/goldenti.com\/site\/?s={search_term_string}"},"query-input":{"@type":"PropertyValueSpecification","valueRequired":true,"valueName":"search_term_string"}}],"inLanguage":"es"}]}},"_links":{"self":[{"href":"https:\/\/goldenti.com\/site\/wp-json\/wp\/v2\/pages\/15019","targetHints":{"allow":["GET"]}}],"collection":[{"href":"https:\/\/goldenti.com\/site\/wp-json\/wp\/v2\/pages"}],"about":[{"href":"https:\/\/goldenti.com\/site\/wp-json\/wp\/v2\/types\/page"}],"author":[{"embeddable":true,"href":"https:\/\/goldenti.com\/site\/wp-json\/wp\/v2\/users\/7"}],"replies":[{"embeddable":true,"href":"https:\/\/goldenti.com\/site\/wp-json\/wp\/v2\/comments?post=15019"}],"version-history":[{"count":4,"href":"https:\/\/goldenti.com\/site\/wp-json\/wp\/v2\/pages\/15019\/revisions"}],"predecessor-version":[{"id":15199,"href":"https:\/\/goldenti.com\/site\/wp-json\/wp\/v2\/pages\/15019\/revisions\/15199"}],"wp:attachment":[{"href":"https:\/\/goldenti.com\/site\/wp-json\/wp\/v2\/media?parent=15019"}],"curies":[{"name":"wp","href":"https:\/\/api.w.org\/{rel}","templated":true}]}}