{"id":15076,"date":"2015-09-18T10:34:37","date_gmt":"2015-09-18T16:34:37","guid":{"rendered":"http:\/\/goldenti.com\/site\/?page_id=15076"},"modified":"2020-06-08T15:35:56","modified_gmt":"2020-06-08T21:35:56","slug":"e-gobierno","status":"publish","type":"page","link":"https:\/\/goldenti.com\/site\/e-gobierno\/","title":{"rendered":"Gesti\u00f3n Digital"},"content":{"rendered":"\t\t<div data-elementor-type=\"wp-page\" data-elementor-id=\"15076\" class=\"elementor elementor-15076\" data-elementor-post-type=\"page\">\n\t\t\t\t\t\t<section class=\"elementor-section elementor-top-section elementor-element elementor-element-3d7f968 elementor-section-boxed elementor-section-height-default elementor-section-height-default\" data-id=\"3d7f968\" data-element_type=\"section\" data-e-type=\"section\">\n\t\t\t\t\t\t<div class=\"elementor-container elementor-column-gap-default\">\n\t\t\t\t\t<div class=\"elementor-column elementor-col-50 elementor-top-column elementor-element elementor-element-13c58a5\" data-id=\"13c58a5\" data-element_type=\"column\" data-e-type=\"column\">\n\t\t\t<div class=\"elementor-widget-wrap elementor-element-populated\">\n\t\t\t\t\t\t<div class=\"elementor-element elementor-element-f158079 elementor-widget elementor-widget-image\" data-id=\"f158079\" data-element_type=\"widget\" data-e-type=\"widget\" data-widget_type=\"image.default\">\n\t\t\t\t<div class=\"elementor-widget-container\">\n\t\t\t\t\t\t\t\t\t\t\t\t\t\t\t<img fetchpriority=\"high\" decoding=\"async\" width=\"640\" height=\"228\" src=\"https:\/\/goldenti.com\/site\/wp-content\/uploads\/2020\/06\/gestion_digital_1.jpg\" class=\"attachment-large size-large wp-image-23735\" alt=\"\" srcset=\"https:\/\/goldenti.com\/site\/wp-content\/uploads\/2020\/06\/gestion_digital_1.jpg 640w, https:\/\/goldenti.com\/site\/wp-content\/uploads\/2020\/06\/gestion_digital_1-300x107.jpg 300w\" sizes=\"(max-width: 640px) 100vw, 640px\" \/>\t\t\t\t\t\t\t\t\t\t\t\t\t\t\t<\/div>\n\t\t\t\t<\/div>\n\t\t\t\t\t<\/div>\n\t\t<\/div>\n\t\t\t\t<div class=\"elementor-column elementor-col-50 elementor-top-column elementor-element elementor-element-9690e57\" data-id=\"9690e57\" data-element_type=\"column\" data-e-type=\"column\">\n\t\t\t<div class=\"elementor-widget-wrap elementor-element-populated\">\n\t\t\t\t\t\t<div class=\"elementor-element elementor-element-9f50edb elementor-widget elementor-widget-heading\" data-id=\"9f50edb\" data-element_type=\"widget\" data-e-type=\"widget\" data-widget_type=\"heading.default\">\n\t\t\t\t<div class=\"elementor-widget-container\">\n\t\t\t\t\t<h2 class=\"elementor-heading-title elementor-size-default\">Gesti\u00f3n Digital<\/h2>\t\t\t\t<\/div>\n\t\t\t\t<\/div>\n\t\t\t\t\t<\/div>\n\t\t<\/div>\n\t\t\t\t\t<\/div>\n\t\t<\/section>\n\t\t\t\t<section class=\"elementor-section elementor-top-section elementor-element elementor-element-b00a2c0 elementor-section-boxed elementor-section-height-default elementor-section-height-default\" data-id=\"b00a2c0\" data-element_type=\"section\" data-e-type=\"section\">\n\t\t\t\t\t\t<div class=\"elementor-container elementor-column-gap-default\">\n\t\t\t\t\t<div class=\"elementor-column elementor-col-50 elementor-top-column elementor-element elementor-element-c5f688c\" data-id=\"c5f688c\" data-element_type=\"column\" data-e-type=\"column\">\n\t\t\t<div class=\"elementor-widget-wrap elementor-element-populated\">\n\t\t\t\t\t\t<div class=\"elementor-element elementor-element-d26f7fb elementor-widget elementor-widget-spacer\" data-id=\"d26f7fb\" data-element_type=\"widget\" data-e-type=\"widget\" data-widget_type=\"spacer.default\">\n\t\t\t\t<div class=\"elementor-widget-container\">\n\t\t\t\t\t\t\t<div class=\"elementor-spacer\">\n\t\t\t<div class=\"elementor-spacer-inner\"><\/div>\n\t\t<\/div>\n\t\t\t\t\t\t<\/div>\n\t\t\t\t<\/div>\n\t\t\t\t<div class=\"elementor-element elementor-element-764d867 elementor-widget elementor-widget-text-editor\" data-id=\"764d867\" data-element_type=\"widget\" data-e-type=\"widget\" data-widget_type=\"text-editor.default\">\n\t\t\t\t<div class=\"elementor-widget-container\">\n\t\t\t\t\t\t\t\t\t<p align=\"JUSTIFY\"><span style=\"font-family: Times New Roman, serif;\"><span style=\"font-size: medium;\"><span style=\"color: #222222;\"><span style=\"font-family: Arial, serif;\">GOLDEN TI apoya a las organizaciones a crear valor en sus operaciones, ayud\u00e1ndolas a dise\u00f1ar estrategias de gesti\u00f3n de cliente, transformaci\u00f3n de negocio, innovaci\u00f3n y eficiencia de procesos. A trav\u00e9s, de una plataforma modular que permite su f\u00e1cil vinculaci\u00f3n a la estrategia digital.<\/span><\/span><\/span><\/span><\/p><p align=\"JUSTIFY\"><span style=\"font-family: Times New Roman, serif;\"><span style=\"font-size: medium;\"><span style=\"color: #222222;\"><span style=\"font-family: Arial, serif;\">Dentro de nuestros servicios ofrecemos:<\/span><\/span><\/span><\/span><\/p>\t\t\t\t\t\t\t\t<\/div>\n\t\t\t\t<\/div>\n\t\t\t\t\t<\/div>\n\t\t<\/div>\n\t\t\t\t<div class=\"elementor-column elementor-col-50 elementor-top-column elementor-element elementor-element-8edc7bf\" data-id=\"8edc7bf\" data-element_type=\"column\" data-e-type=\"column\">\n\t\t\t<div class=\"elementor-widget-wrap elementor-element-populated\">\n\t\t\t\t\t\t<div class=\"elementor-element elementor-element-c894f26 elementor-widget elementor-widget-image\" data-id=\"c894f26\" data-element_type=\"widget\" data-e-type=\"widget\" data-widget_type=\"image.default\">\n\t\t\t\t<div class=\"elementor-widget-container\">\n\t\t\t\t\t\t\t\t\t\t\t\t\t\t\t<img decoding=\"async\" width=\"640\" height=\"340\" src=\"https:\/\/goldenti.com\/site\/wp-content\/uploads\/2020\/06\/gestion_digital_2.jpg\" class=\"attachment-large size-large wp-image-23736\" alt=\"\" srcset=\"https:\/\/goldenti.com\/site\/wp-content\/uploads\/2020\/06\/gestion_digital_2.jpg 644w, https:\/\/goldenti.com\/site\/wp-content\/uploads\/2020\/06\/gestion_digital_2-300x159.jpg 300w\" sizes=\"(max-width: 640px) 100vw, 640px\" \/>\t\t\t\t\t\t\t\t\t\t\t\t\t\t\t<\/div>\n\t\t\t\t<\/div>\n\t\t\t\t\t<\/div>\n\t\t<\/div>\n\t\t\t\t\t<\/div>\n\t\t<\/section>\n\t\t\t\t<section class=\"elementor-section elementor-top-section elementor-element elementor-element-a18f884 elementor-section-boxed elementor-section-height-default elementor-section-height-default\" data-id=\"a18f884\" data-element_type=\"section\" data-e-type=\"section\">\n\t\t\t\t\t\t<div class=\"elementor-container elementor-column-gap-default\">\n\t\t\t\t\t<div class=\"elementor-column elementor-col-100 elementor-top-column elementor-element elementor-element-d12e994\" data-id=\"d12e994\" data-element_type=\"column\" data-e-type=\"column\">\n\t\t\t<div class=\"elementor-widget-wrap elementor-element-populated\">\n\t\t\t\t\t\t<div class=\"elementor-element elementor-element-6f18fc3 elementor-widget elementor-widget-text-editor\" data-id=\"6f18fc3\" data-element_type=\"widget\" data-e-type=\"widget\" data-widget_type=\"text-editor.default\">\n\t\t\t\t<div class=\"elementor-widget-container\">\n\t\t\t\t\t\t\t\t\t<h2 class=\"western\" align=\"CENTER\"><span style=\"color: #222222;\"><span style=\"font-family: Arial, serif;\"><b>Transformaci\u00f3n digital<\/b><\/span><\/span><\/h2><p align=\"JUSTIFY\"><span style=\"font-family: Times New Roman, serif;\"><span style=\"font-size: medium;\"><span style=\"color: #222222;\"><span style=\"font-family: Arial, serif;\">Se apoya a la organizaci\u00f3n al desarrollo de su estrategia digital a trav\u00e9s de sesiones de planeaci\u00f3n estrat\u00e9gica, procesos de consultor\u00eda, implementaci\u00f3n de tecnolog\u00edas de informaci\u00f3n y comunicaciones, desarrollo de sistemas de informaci\u00f3n<\/span><\/span><\/span><\/span><\/p><h2 class=\"western\" align=\"JUSTIFY\"><a name=\"_GoBack\"><\/a> <span style=\"color: #222222;\"><span style=\"font-family: Arial, serif;\"><b>Eficiencia operativa<\/b><\/span><\/span><\/h2><p align=\"JUSTIFY\"><span style=\"font-family: Times New Roman, serif;\"><span style=\"font-size: medium;\"><span style=\"color: #222222;\"><span style=\"font-family: Arial, serif;\">La digitalizaci\u00f3n de los procesos permite conseguir ventajas competitivas frente a la competencia as\u00ed como reducir significativamente los costos operativos.<\/span><\/span><\/span><\/span><\/p><h2 class=\"western\" align=\"CENTER\"><span style=\"color: #222222;\"><span style=\"font-family: Arial, serif;\"><span lang=\"en-US\"><b>Bring Your Own Device (BYOD)<\/b><\/span><\/span><\/span><\/h2><p align=\"JUSTIFY\"><span style=\"font-family: Times New Roman, serif;\"><span style=\"font-size: medium;\"><span style=\"color: #222222;\"><span style=\"font-family: Arial, serif;\">El consumo creciente de dispositivos electr\u00f3nicos ha comenzado a transformar todos los \u00e1mbitos de la vida e incluso a impactar las operaciones de los negocios. Los empleados traen a las organizaciones dispositivos electr\u00f3nicos con mayor capacidad cada vez, lo cual genera una demanda paralela para las organizaciones, la primera el desarrollo de programas de control de acceso, seguridad de informaci\u00f3n y segundo el desarrollo de apps flexibles y potentes que permitan una f\u00e1cil interacci\u00f3n con el portafolio de servicios ofrecido por las organizaciones.<\/span><\/span><\/span><\/span><\/p><p align=\"JUSTIFY\"><br \/><br \/><\/p><p align=\"JUSTIFY\"><span style=\"font-family: Times New Roman, serif;\"><span style=\"font-size: medium;\"><span style=\"color: #222222;\"><span style=\"font-family: Arial, serif;\">En GOLDEN TI hemos desarrollado un conjunto de pol\u00edticas de gobernabilidad y de controles operativos que aseguren el control de las interacciones de los dispositivos inteligentes con los procesos de negocio.<\/span><\/span><\/span><\/span><\/p><h2 class=\"western\" align=\"CENTER\"><span style=\"color: #222222;\"><span style=\"font-family: Arial, serif;\"><b>Internet Of Things (IoT)<\/b><\/span><\/span><\/h2><p align=\"JUSTIFY\"><span style=\"font-family: Times New Roman, serif;\"><span style=\"font-size: medium;\"><span style=\"color: #222222;\"><span style=\"font-family: Arial, serif;\">Ahora la gran mayor\u00eda de los dispositivos pueden interconectarse a la red, tel\u00e9fonos m\u00f3viles, televisiones, electrodom\u00e9sticos, autom\u00f3viles, aviones, entre otros. Esto esta generando la necesidad de nuevos modelos de negocio, cambiando dram\u00e1ticamente los modelos de interacci\u00f3n de las empresas con los usuarios finales.<\/span><\/span><\/span><\/span><\/p>\t\t\t\t\t\t\t\t<\/div>\n\t\t\t\t<\/div>\n\t\t\t\t\t<\/div>\n\t\t<\/div>\n\t\t\t\t\t<\/div>\n\t\t<\/section>\n\t\t\t\t<section class=\"elementor-section elementor-top-section elementor-element elementor-element-1846394 elementor-section-boxed elementor-section-height-default elementor-section-height-default\" data-id=\"1846394\" data-element_type=\"section\" data-e-type=\"section\">\n\t\t\t\t\t\t<div class=\"elementor-container elementor-column-gap-default\">\n\t\t\t\t\t<div class=\"elementor-column elementor-col-100 elementor-top-column elementor-element elementor-element-e72e592\" data-id=\"e72e592\" data-element_type=\"column\" data-e-type=\"column\">\n\t\t\t<div class=\"elementor-widget-wrap elementor-element-populated\">\n\t\t\t\t\t\t<div class=\"elementor-element elementor-element-c345487 elementor-widget elementor-widget-image\" data-id=\"c345487\" data-element_type=\"widget\" data-e-type=\"widget\" data-widget_type=\"image.default\">\n\t\t\t\t<div class=\"elementor-widget-container\">\n\t\t\t\t\t\t\t\t\t\t\t\t\t\t\t<img decoding=\"async\" width=\"589\" height=\"520\" src=\"https:\/\/goldenti.com\/site\/wp-content\/uploads\/2020\/06\/gestion_digital_3.png\" class=\"attachment-large size-large wp-image-23737\" alt=\"\" srcset=\"https:\/\/goldenti.com\/site\/wp-content\/uploads\/2020\/06\/gestion_digital_3.png 589w, https:\/\/goldenti.com\/site\/wp-content\/uploads\/2020\/06\/gestion_digital_3-300x265.png 300w\" sizes=\"(max-width: 589px) 100vw, 589px\" \/>\t\t\t\t\t\t\t\t\t\t\t\t\t\t\t<\/div>\n\t\t\t\t<\/div>\n\t\t\t\t\t<\/div>\n\t\t<\/div>\n\t\t\t\t\t<\/div>\n\t\t<\/section>\n\t\t\t\t<section class=\"elementor-section elementor-top-section elementor-element elementor-element-1a29231 elementor-section-boxed elementor-section-height-default elementor-section-height-default\" data-id=\"1a29231\" data-element_type=\"section\" data-e-type=\"section\">\n\t\t\t\t\t\t<div class=\"elementor-container elementor-column-gap-default\">\n\t\t\t\t\t<div class=\"elementor-column elementor-col-100 elementor-top-column elementor-element elementor-element-4fe9ac5\" data-id=\"4fe9ac5\" data-element_type=\"column\" data-e-type=\"column\">\n\t\t\t<div class=\"elementor-widget-wrap elementor-element-populated\">\n\t\t\t\t\t\t<div class=\"elementor-element elementor-element-3c98fed elementor-widget elementor-widget-text-editor\" data-id=\"3c98fed\" data-element_type=\"widget\" data-e-type=\"widget\" data-widget_type=\"text-editor.default\">\n\t\t\t\t<div class=\"elementor-widget-container\">\n\t\t\t\t\t\t\t\t\t<p align=\"JUSTIFY\"><span style=\"font-family: Times New Roman, serif;\"><span style=\"font-size: medium;\"><span style=\"color: #222222;\"><span style=\"font-family: Arial, serif;\">En GOLDEN TI apoyamos a las organizaciones al desarrollo e implementaci\u00f3n de nuevos modelos de negocio que tomen ventaja de la interconectividad con el usuarios finales.<\/span><\/span> <\/span><\/span><\/p><h2 class=\"western\" align=\"CENTER\"><span style=\"color: #222222;\"><span style=\"font-family: Arial, serif;\"><b>Cumplimiento de Requerimientos Legales<\/b><\/span><\/span><\/h2><p align=\"JUSTIFY\"><span style=\"font-family: Times New Roman, serif;\"><span style=\"font-size: medium;\"><span style=\"color: #222222;\"><span style=\"font-family: Arial, serif;\">La adecuaci\u00f3n a las normativas legales comienza a demandar a las organizaciones p\u00fablicas y privadas tomar una mayor conciencia en el manejo de la informaci\u00f3n.<\/span><\/span><\/span><\/span><\/p><p align=\"JUSTIFY\"><span style=\"font-family: Times New Roman, serif;\"><span style=\"font-size: medium;\"><span style=\"color: #222222;\"><span style=\"font-family: Arial, serif;\">GOLDEN TI ofrece un modelo de evaluaci\u00f3n efectivo y eficiente para dar cumplimiento a los requerimientos legales de la siguientes leyes<\/span><\/span><\/span><\/span><\/p><ul><li><p align=\"JUSTIFY\"><span style=\"color: #222222;\"><span style=\"font-family: Arial, serif;\">Ley de Protecci\u00f3n a los Datos Personales en Posesi\u00f3n de Terceros y;<\/span><\/span><\/p><\/li><li><p align=\"JUSTIFY\"><span style=\"color: #222222;\"><span style=\"font-family: Arial, serif;\">Ley de Protecci\u00f3n a los Datos de Expedientes Cl\u00ednicos.<\/span><\/span><\/p><\/li><\/ul><h2 class=\"western\" align=\"CENTER\"><span style=\"color: #222222;\"><span style=\"font-family: Arial, serif;\"><b>Big Data y\u00a0Modelos\u00a0Predictivos<\/b><\/span><\/span><\/h2>\t\t\t\t\t\t\t\t<\/div>\n\t\t\t\t<\/div>\n\t\t\t\t\t<\/div>\n\t\t<\/div>\n\t\t\t\t\t<\/div>\n\t\t<\/section>\n\t\t\t\t<section class=\"elementor-section elementor-top-section elementor-element elementor-element-d870d56 elementor-section-boxed elementor-section-height-default elementor-section-height-default\" data-id=\"d870d56\" data-element_type=\"section\" data-e-type=\"section\">\n\t\t\t\t\t\t<div class=\"elementor-container elementor-column-gap-default\">\n\t\t\t\t\t<div class=\"elementor-column elementor-col-50 elementor-top-column elementor-element elementor-element-5fa3b8d\" data-id=\"5fa3b8d\" data-element_type=\"column\" data-e-type=\"column\">\n\t\t\t<div class=\"elementor-widget-wrap elementor-element-populated\">\n\t\t\t\t\t\t<div class=\"elementor-element elementor-element-26b1105 elementor-widget elementor-widget-image\" data-id=\"26b1105\" data-element_type=\"widget\" data-e-type=\"widget\" data-widget_type=\"image.default\">\n\t\t\t\t<div class=\"elementor-widget-container\">\n\t\t\t\t\t\t\t\t\t\t\t\t\t\t\t<img loading=\"lazy\" decoding=\"async\" width=\"640\" height=\"426\" src=\"https:\/\/goldenti.com\/site\/wp-content\/uploads\/2020\/06\/gestion_digital_4.jpg\" class=\"attachment-large size-large wp-image-23738\" alt=\"\" srcset=\"https:\/\/goldenti.com\/site\/wp-content\/uploads\/2020\/06\/gestion_digital_4.jpg 848w, https:\/\/goldenti.com\/site\/wp-content\/uploads\/2020\/06\/gestion_digital_4-300x200.jpg 300w, https:\/\/goldenti.com\/site\/wp-content\/uploads\/2020\/06\/gestion_digital_4-768x512.jpg 768w\" sizes=\"(max-width: 640px) 100vw, 640px\" \/>\t\t\t\t\t\t\t\t\t\t\t\t\t\t\t<\/div>\n\t\t\t\t<\/div>\n\t\t\t\t\t<\/div>\n\t\t<\/div>\n\t\t\t\t<div class=\"elementor-column elementor-col-50 elementor-top-column elementor-element elementor-element-8fe6a41\" data-id=\"8fe6a41\" data-element_type=\"column\" data-e-type=\"column\">\n\t\t\t<div class=\"elementor-widget-wrap elementor-element-populated\">\n\t\t\t\t\t\t<div class=\"elementor-element elementor-element-1983f15 elementor-widget elementor-widget-spacer\" data-id=\"1983f15\" data-element_type=\"widget\" data-e-type=\"widget\" data-widget_type=\"spacer.default\">\n\t\t\t\t<div class=\"elementor-widget-container\">\n\t\t\t\t\t\t\t<div class=\"elementor-spacer\">\n\t\t\t<div class=\"elementor-spacer-inner\"><\/div>\n\t\t<\/div>\n\t\t\t\t\t\t<\/div>\n\t\t\t\t<\/div>\n\t\t\t\t<div class=\"elementor-element elementor-element-8644e8a elementor-widget elementor-widget-text-editor\" data-id=\"8644e8a\" data-element_type=\"widget\" data-e-type=\"widget\" data-widget_type=\"text-editor.default\">\n\t\t\t\t<div class=\"elementor-widget-container\">\n\t\t\t\t\t\t\t\t\t<p align=\"JUSTIFY\"><span style=\"font-family: Times New Roman, serif;\"><span style=\"font-size: medium;\"><span style=\"color: #222222;\"><span style=\"font-family: Arial, serif;\">El incremento en la facilidad de tener amplios sistemas de almacenamiento es una realidad, \u00bfQu\u00e9 hacer con toda esa informaci\u00f3n? es otra. En Golden TI desarrollamos modelos de an\u00e1lisis estad\u00edstico que evalu\u00e9 tendencias y patrones con lo cual, se generan modelos predictivos de consumos, fallas, incidentes, entre otros.<\/span><\/span> <\/span><\/span><\/p>\t\t\t\t\t\t\t\t<\/div>\n\t\t\t\t<\/div>\n\t\t\t\t\t<\/div>\n\t\t<\/div>\n\t\t\t\t\t<\/div>\n\t\t<\/section>\n\t\t\t\t<\/div>\n\t\t","protected":false},"excerpt":{"rendered":"<p>Gesti\u00f3n Digital GOLDEN TI apoya a las organizaciones a crear valor en sus operaciones, ayud\u00e1ndolas a [&hellip;]<\/p>\n","protected":false},"author":7,"featured_media":0,"parent":0,"menu_order":0,"comment_status":"closed","ping_status":"closed","template":"","meta":{"footnotes":""},"class_list":["post-15076","page","type-page","status-publish","hentry"],"yoast_head":"<!-- This site is optimized with the Yoast SEO plugin v27.1.1 - https:\/\/yoast.com\/product\/yoast-seo-wordpress\/ -->\n<title>Gesti\u00f3n Digital -<\/title>\n<meta name=\"robots\" content=\"index, follow, max-snippet:-1, max-image-preview:large, max-video-preview:-1\" \/>\n<link rel=\"canonical\" href=\"https:\/\/goldenti.com\/site\/e-gobierno\/\" \/>\n<meta property=\"og:locale\" content=\"es_ES\" \/>\n<meta property=\"og:type\" content=\"article\" \/>\n<meta property=\"og:title\" content=\"Gesti\u00f3n Digital -\" \/>\n<meta property=\"og:description\" content=\"Gesti\u00f3n Digital GOLDEN TI apoya a las organizaciones a crear valor en sus operaciones, ayud\u00e1ndolas a [&hellip;]\" \/>\n<meta property=\"og:url\" content=\"https:\/\/goldenti.com\/site\/e-gobierno\/\" \/>\n<meta property=\"article:modified_time\" content=\"2020-06-08T21:35:56+00:00\" \/>\n<meta property=\"og:image\" content=\"https:\/\/goldenti.com\/site\/wp-content\/uploads\/2020\/06\/gestion_digital_1.jpg\" \/>\n<meta name=\"twitter:card\" content=\"summary_large_image\" \/>\n<meta name=\"twitter:label1\" content=\"Tiempo de lectura\" \/>\n\t<meta name=\"twitter:data1\" content=\"2 minutos\" \/>\n<script type=\"application\/ld+json\" class=\"yoast-schema-graph\">{\"@context\":\"https:\/\/schema.org\",\"@graph\":[{\"@type\":\"WebPage\",\"@id\":\"https:\/\/goldenti.com\/site\/e-gobierno\/\",\"url\":\"https:\/\/goldenti.com\/site\/e-gobierno\/\",\"name\":\"Gesti\u00f3n Digital -\",\"isPartOf\":{\"@id\":\"https:\/\/goldenti.com\/site\/#website\"},\"primaryImageOfPage\":{\"@id\":\"https:\/\/goldenti.com\/site\/e-gobierno\/#primaryimage\"},\"image\":{\"@id\":\"https:\/\/goldenti.com\/site\/e-gobierno\/#primaryimage\"},\"thumbnailUrl\":\"https:\/\/goldenti.com\/site\/wp-content\/uploads\/2020\/06\/gestion_digital_1.jpg\",\"datePublished\":\"2015-09-18T16:34:37+00:00\",\"dateModified\":\"2020-06-08T21:35:56+00:00\",\"breadcrumb\":{\"@id\":\"https:\/\/goldenti.com\/site\/e-gobierno\/#breadcrumb\"},\"inLanguage\":\"es\",\"potentialAction\":[{\"@type\":\"ReadAction\",\"target\":[\"https:\/\/goldenti.com\/site\/e-gobierno\/\"]}]},{\"@type\":\"ImageObject\",\"inLanguage\":\"es\",\"@id\":\"https:\/\/goldenti.com\/site\/e-gobierno\/#primaryimage\",\"url\":\"https:\/\/goldenti.com\/site\/wp-content\/uploads\/2020\/06\/gestion_digital_1.jpg\",\"contentUrl\":\"https:\/\/goldenti.com\/site\/wp-content\/uploads\/2020\/06\/gestion_digital_1.jpg\",\"width\":640,\"height\":228},{\"@type\":\"BreadcrumbList\",\"@id\":\"https:\/\/goldenti.com\/site\/e-gobierno\/#breadcrumb\",\"itemListElement\":[{\"@type\":\"ListItem\",\"position\":1,\"name\":\"Portada\",\"item\":\"https:\/\/goldenti.com\/site\/\"},{\"@type\":\"ListItem\",\"position\":2,\"name\":\"Gesti\u00f3n Digital\"}]},{\"@type\":\"WebSite\",\"@id\":\"https:\/\/goldenti.com\/site\/#website\",\"url\":\"https:\/\/goldenti.com\/site\/\",\"name\":\"\",\"description\":\"\",\"potentialAction\":[{\"@type\":\"SearchAction\",\"target\":{\"@type\":\"EntryPoint\",\"urlTemplate\":\"https:\/\/goldenti.com\/site\/?s={search_term_string}\"},\"query-input\":{\"@type\":\"PropertyValueSpecification\",\"valueRequired\":true,\"valueName\":\"search_term_string\"}}],\"inLanguage\":\"es\"}]}<\/script>\n<!-- \/ Yoast SEO plugin. -->","yoast_head_json":{"title":"Gesti\u00f3n Digital -","robots":{"index":"index","follow":"follow","max-snippet":"max-snippet:-1","max-image-preview":"max-image-preview:large","max-video-preview":"max-video-preview:-1"},"canonical":"https:\/\/goldenti.com\/site\/e-gobierno\/","og_locale":"es_ES","og_type":"article","og_title":"Gesti\u00f3n Digital -","og_description":"Gesti\u00f3n Digital GOLDEN TI apoya a las organizaciones a crear valor en sus operaciones, ayud\u00e1ndolas a [&hellip;]","og_url":"https:\/\/goldenti.com\/site\/e-gobierno\/","article_modified_time":"2020-06-08T21:35:56+00:00","og_image":[{"url":"https:\/\/goldenti.com\/site\/wp-content\/uploads\/2020\/06\/gestion_digital_1.jpg","type":"","width":"","height":""}],"twitter_card":"summary_large_image","twitter_misc":{"Tiempo de lectura":"2 minutos"},"schema":{"@context":"https:\/\/schema.org","@graph":[{"@type":"WebPage","@id":"https:\/\/goldenti.com\/site\/e-gobierno\/","url":"https:\/\/goldenti.com\/site\/e-gobierno\/","name":"Gesti\u00f3n Digital -","isPartOf":{"@id":"https:\/\/goldenti.com\/site\/#website"},"primaryImageOfPage":{"@id":"https:\/\/goldenti.com\/site\/e-gobierno\/#primaryimage"},"image":{"@id":"https:\/\/goldenti.com\/site\/e-gobierno\/#primaryimage"},"thumbnailUrl":"https:\/\/goldenti.com\/site\/wp-content\/uploads\/2020\/06\/gestion_digital_1.jpg","datePublished":"2015-09-18T16:34:37+00:00","dateModified":"2020-06-08T21:35:56+00:00","breadcrumb":{"@id":"https:\/\/goldenti.com\/site\/e-gobierno\/#breadcrumb"},"inLanguage":"es","potentialAction":[{"@type":"ReadAction","target":["https:\/\/goldenti.com\/site\/e-gobierno\/"]}]},{"@type":"ImageObject","inLanguage":"es","@id":"https:\/\/goldenti.com\/site\/e-gobierno\/#primaryimage","url":"https:\/\/goldenti.com\/site\/wp-content\/uploads\/2020\/06\/gestion_digital_1.jpg","contentUrl":"https:\/\/goldenti.com\/site\/wp-content\/uploads\/2020\/06\/gestion_digital_1.jpg","width":640,"height":228},{"@type":"BreadcrumbList","@id":"https:\/\/goldenti.com\/site\/e-gobierno\/#breadcrumb","itemListElement":[{"@type":"ListItem","position":1,"name":"Portada","item":"https:\/\/goldenti.com\/site\/"},{"@type":"ListItem","position":2,"name":"Gesti\u00f3n Digital"}]},{"@type":"WebSite","@id":"https:\/\/goldenti.com\/site\/#website","url":"https:\/\/goldenti.com\/site\/","name":"","description":"","potentialAction":[{"@type":"SearchAction","target":{"@type":"EntryPoint","urlTemplate":"https:\/\/goldenti.com\/site\/?s={search_term_string}"},"query-input":{"@type":"PropertyValueSpecification","valueRequired":true,"valueName":"search_term_string"}}],"inLanguage":"es"}]}},"_links":{"self":[{"href":"https:\/\/goldenti.com\/site\/wp-json\/wp\/v2\/pages\/15076","targetHints":{"allow":["GET"]}}],"collection":[{"href":"https:\/\/goldenti.com\/site\/wp-json\/wp\/v2\/pages"}],"about":[{"href":"https:\/\/goldenti.com\/site\/wp-json\/wp\/v2\/types\/page"}],"author":[{"embeddable":true,"href":"https:\/\/goldenti.com\/site\/wp-json\/wp\/v2\/users\/7"}],"replies":[{"embeddable":true,"href":"https:\/\/goldenti.com\/site\/wp-json\/wp\/v2\/comments?post=15076"}],"version-history":[{"count":13,"href":"https:\/\/goldenti.com\/site\/wp-json\/wp\/v2\/pages\/15076\/revisions"}],"predecessor-version":[{"id":23742,"href":"https:\/\/goldenti.com\/site\/wp-json\/wp\/v2\/pages\/15076\/revisions\/23742"}],"wp:attachment":[{"href":"https:\/\/goldenti.com\/site\/wp-json\/wp\/v2\/media?parent=15076"}],"curies":[{"name":"wp","href":"https:\/\/api.w.org\/{rel}","templated":true}]}}