{"id":24106,"date":"2020-07-24T11:23:22","date_gmt":"2020-07-24T17:23:22","guid":{"rendered":"https:\/\/goldenti.com\/site\/?page_id=24106"},"modified":"2020-07-24T11:29:24","modified_gmt":"2020-07-24T17:29:24","slug":"seguridad-patrimonial","status":"publish","type":"page","link":"https:\/\/goldenti.com\/site\/seguridad-patrimonial\/","title":{"rendered":"Seguridad Patrimonial"},"content":{"rendered":"\t\t<div data-elementor-type=\"wp-page\" data-elementor-id=\"24106\" class=\"elementor elementor-24106\" data-elementor-post-type=\"page\">\n\t\t\t\t\t\t<section class=\"elementor-section elementor-top-section elementor-element elementor-element-239bd09 elementor-section-boxed elementor-section-height-default elementor-section-height-default\" data-id=\"239bd09\" data-element_type=\"section\" data-e-type=\"section\">\n\t\t\t\t\t\t<div class=\"elementor-container elementor-column-gap-default\">\n\t\t\t\t\t<div class=\"elementor-column elementor-col-100 elementor-top-column elementor-element elementor-element-f484b30\" data-id=\"f484b30\" data-element_type=\"column\" data-e-type=\"column\">\n\t\t\t<div class=\"elementor-widget-wrap elementor-element-populated\">\n\t\t\t\t\t\t<div class=\"elementor-element elementor-element-4bb7e13 elementor-widget elementor-widget-text-editor\" data-id=\"4bb7e13\" data-element_type=\"widget\" data-e-type=\"widget\" data-widget_type=\"text-editor.default\">\n\t\t\t\t<div class=\"elementor-widget-container\">\n\t\t\t\t\t\t\t\t\t<p style=\"margin-bottom: 0cm;\" align=\"JUSTIFY\"><span style=\"font-family: Arial, serif;\">La seguridad patrimonial permite prever los riesgos y amenazas de un inmueble a trav\u00e9s de un an\u00e1lisis de riesgos, estudios sociodemogr\u00e1ficos y correcci\u00f3n de vulnerabilidades para neutralizar las amenazas que puedan afectar el mantenimiento de un inmueble, sus activos y personas que lo ocupan.<\/span><\/p>\t\t\t\t\t\t\t\t<\/div>\n\t\t\t\t<\/div>\n\t\t\t\t\t<\/div>\n\t\t<\/div>\n\t\t\t\t\t<\/div>\n\t\t<\/section>\n\t\t\t\t<section class=\"elementor-section elementor-top-section elementor-element elementor-element-523dafd elementor-section-boxed elementor-section-height-default elementor-section-height-default\" data-id=\"523dafd\" data-element_type=\"section\" data-e-type=\"section\">\n\t\t\t\t\t\t<div class=\"elementor-container elementor-column-gap-default\">\n\t\t\t\t\t<div class=\"elementor-column elementor-col-100 elementor-top-column elementor-element elementor-element-1b2db00\" data-id=\"1b2db00\" data-element_type=\"column\" data-e-type=\"column\">\n\t\t\t<div class=\"elementor-widget-wrap elementor-element-populated\">\n\t\t\t\t\t\t<div class=\"elementor-element elementor-element-fffd896 elementor-widget elementor-widget-text-editor\" data-id=\"fffd896\" data-element_type=\"widget\" data-e-type=\"widget\" data-widget_type=\"text-editor.default\">\n\t\t\t\t<div class=\"elementor-widget-container\">\n\t\t\t\t\t\t\t\t\t<p style=\"margin-bottom: 0cm;\" align=\"JUSTIFY\"><span style=\"font-family: Arial, serif;\">En Golden TI ofrecemos soluciones de:\u00a0<\/span><\/p>\t\t\t\t\t\t\t\t<\/div>\n\t\t\t\t<\/div>\n\t\t\t\t\t<\/div>\n\t\t<\/div>\n\t\t\t\t\t<\/div>\n\t\t<\/section>\n\t\t\t\t<section class=\"elementor-section elementor-top-section elementor-element elementor-element-019c75c elementor-section-boxed elementor-section-height-default elementor-section-height-default\" data-id=\"019c75c\" data-element_type=\"section\" data-e-type=\"section\">\n\t\t\t\t\t\t<div class=\"elementor-container elementor-column-gap-default\">\n\t\t\t\t\t<div class=\"elementor-column elementor-col-50 elementor-top-column elementor-element elementor-element-f147a41\" data-id=\"f147a41\" data-element_type=\"column\" data-e-type=\"column\">\n\t\t\t<div class=\"elementor-widget-wrap elementor-element-populated\">\n\t\t\t\t\t\t<div class=\"elementor-element elementor-element-9fe8561 elementor-widget elementor-widget-text-editor\" data-id=\"9fe8561\" data-element_type=\"widget\" data-e-type=\"widget\" data-widget_type=\"text-editor.default\">\n\t\t\t\t<div class=\"elementor-widget-container\">\n\t\t\t\t\t\t\t\t\t<ul><li><p style=\"margin-bottom: 0cm;\">Controles de Acceso<\/p><\/li><li><p style=\"margin-bottom: 0cm;\">Sistemas de Video Vigilancia<\/p><\/li><li><p style=\"margin-bottom: 0cm;\">Credencializaci\u00f3n<\/p><\/li><li><p style=\"margin-bottom: 0cm;\">Relojes Checadores<\/p><\/li><li><p style=\"margin-bottom: 0cm;\">Registros electr\u00f3nicos de visitantes y proveedores<\/p><\/li><\/ul>\t\t\t\t\t\t\t\t<\/div>\n\t\t\t\t<\/div>\n\t\t\t\t\t<\/div>\n\t\t<\/div>\n\t\t\t\t<div class=\"elementor-column elementor-col-50 elementor-top-column elementor-element elementor-element-678b252\" data-id=\"678b252\" data-element_type=\"column\" data-e-type=\"column\">\n\t\t\t<div class=\"elementor-widget-wrap elementor-element-populated\">\n\t\t\t\t\t\t<div class=\"elementor-element elementor-element-25d09fb elementor-widget elementor-widget-image\" data-id=\"25d09fb\" data-element_type=\"widget\" data-e-type=\"widget\" data-widget_type=\"image.default\">\n\t\t\t\t<div class=\"elementor-widget-container\">\n\t\t\t\t\t\t\t\t\t\t\t\t\t\t\t<img fetchpriority=\"high\" decoding=\"async\" width=\"300\" height=\"199\" src=\"https:\/\/goldenti.com\/site\/wp-content\/uploads\/2020\/07\/seguridad1-300x199.png\" class=\"attachment-medium size-medium wp-image-24108\" alt=\"\" srcset=\"https:\/\/goldenti.com\/site\/wp-content\/uploads\/2020\/07\/seguridad1-300x199.png 300w, https:\/\/goldenti.com\/site\/wp-content\/uploads\/2020\/07\/seguridad1-1024x680.png 1024w, https:\/\/goldenti.com\/site\/wp-content\/uploads\/2020\/07\/seguridad1-768x510.png 768w, https:\/\/goldenti.com\/site\/wp-content\/uploads\/2020\/07\/seguridad1.png 1202w\" sizes=\"(max-width: 300px) 100vw, 300px\" \/>\t\t\t\t\t\t\t\t\t\t\t\t\t\t\t<\/div>\n\t\t\t\t<\/div>\n\t\t\t\t\t<\/div>\n\t\t<\/div>\n\t\t\t\t\t<\/div>\n\t\t<\/section>\n\t\t\t\t<section class=\"elementor-section elementor-top-section elementor-element elementor-element-68a059d elementor-section-boxed elementor-section-height-default elementor-section-height-default\" data-id=\"68a059d\" data-element_type=\"section\" data-e-type=\"section\">\n\t\t\t\t\t\t<div class=\"elementor-container elementor-column-gap-default\">\n\t\t\t\t\t<div class=\"elementor-column elementor-col-100 elementor-top-column elementor-element elementor-element-e6c8b86\" data-id=\"e6c8b86\" data-element_type=\"column\" data-e-type=\"column\">\n\t\t\t<div class=\"elementor-widget-wrap elementor-element-populated\">\n\t\t\t\t\t\t<div class=\"elementor-element elementor-element-9efa722 elementor-widget elementor-widget-image\" data-id=\"9efa722\" data-element_type=\"widget\" data-e-type=\"widget\" data-widget_type=\"image.default\">\n\t\t\t\t<div class=\"elementor-widget-container\">\n\t\t\t\t\t\t\t\t\t\t\t\t\t\t\t<img decoding=\"async\" width=\"640\" height=\"467\" src=\"https:\/\/goldenti.com\/site\/wp-content\/uploads\/2020\/07\/seguridad2.png\" class=\"attachment-large size-large wp-image-24109\" alt=\"\" srcset=\"https:\/\/goldenti.com\/site\/wp-content\/uploads\/2020\/07\/seguridad2.png 721w, https:\/\/goldenti.com\/site\/wp-content\/uploads\/2020\/07\/seguridad2-300x219.png 300w\" sizes=\"(max-width: 640px) 100vw, 640px\" \/>\t\t\t\t\t\t\t\t\t\t\t\t\t\t\t<\/div>\n\t\t\t\t<\/div>\n\t\t\t\t\t<\/div>\n\t\t<\/div>\n\t\t\t\t\t<\/div>\n\t\t<\/section>\n\t\t\t\t<\/div>\n\t\t","protected":false},"excerpt":{"rendered":"<p>La seguridad patrimonial permite prever los riesgos y amenazas de un inmueble a trav\u00e9s de un [&hellip;]<\/p>\n","protected":false},"author":7,"featured_media":0,"parent":0,"menu_order":0,"comment_status":"closed","ping_status":"closed","template":"","meta":{"footnotes":""},"class_list":["post-24106","page","type-page","status-publish","hentry"],"yoast_head":"<!-- This site is optimized with the Yoast SEO plugin v27.1.1 - https:\/\/yoast.com\/product\/yoast-seo-wordpress\/ -->\n<title>Seguridad Patrimonial -<\/title>\n<meta name=\"robots\" content=\"index, follow, max-snippet:-1, max-image-preview:large, max-video-preview:-1\" \/>\n<link rel=\"canonical\" href=\"https:\/\/goldenti.com\/site\/seguridad-patrimonial\/\" \/>\n<meta property=\"og:locale\" content=\"es_ES\" \/>\n<meta property=\"og:type\" content=\"article\" \/>\n<meta property=\"og:title\" content=\"Seguridad Patrimonial -\" \/>\n<meta property=\"og:description\" content=\"La seguridad patrimonial permite prever los riesgos y amenazas de un inmueble a trav\u00e9s de un [&hellip;]\" \/>\n<meta property=\"og:url\" content=\"https:\/\/goldenti.com\/site\/seguridad-patrimonial\/\" \/>\n<meta property=\"article:modified_time\" content=\"2020-07-24T17:29:24+00:00\" \/>\n<meta property=\"og:image\" content=\"https:\/\/goldenti.com\/site\/wp-content\/uploads\/2020\/07\/seguridad1-300x199.png\" \/>\n<meta name=\"twitter:card\" content=\"summary_large_image\" \/>\n<script type=\"application\/ld+json\" class=\"yoast-schema-graph\">{\"@context\":\"https:\/\/schema.org\",\"@graph\":[{\"@type\":\"WebPage\",\"@id\":\"https:\/\/goldenti.com\/site\/seguridad-patrimonial\/\",\"url\":\"https:\/\/goldenti.com\/site\/seguridad-patrimonial\/\",\"name\":\"Seguridad Patrimonial -\",\"isPartOf\":{\"@id\":\"https:\/\/goldenti.com\/site\/#website\"},\"primaryImageOfPage\":{\"@id\":\"https:\/\/goldenti.com\/site\/seguridad-patrimonial\/#primaryimage\"},\"image\":{\"@id\":\"https:\/\/goldenti.com\/site\/seguridad-patrimonial\/#primaryimage\"},\"thumbnailUrl\":\"https:\/\/goldenti.com\/site\/wp-content\/uploads\/2020\/07\/seguridad1-300x199.png\",\"datePublished\":\"2020-07-24T17:23:22+00:00\",\"dateModified\":\"2020-07-24T17:29:24+00:00\",\"breadcrumb\":{\"@id\":\"https:\/\/goldenti.com\/site\/seguridad-patrimonial\/#breadcrumb\"},\"inLanguage\":\"es\",\"potentialAction\":[{\"@type\":\"ReadAction\",\"target\":[\"https:\/\/goldenti.com\/site\/seguridad-patrimonial\/\"]}]},{\"@type\":\"ImageObject\",\"inLanguage\":\"es\",\"@id\":\"https:\/\/goldenti.com\/site\/seguridad-patrimonial\/#primaryimage\",\"url\":\"https:\/\/goldenti.com\/site\/wp-content\/uploads\/2020\/07\/seguridad1.png\",\"contentUrl\":\"https:\/\/goldenti.com\/site\/wp-content\/uploads\/2020\/07\/seguridad1.png\",\"width\":1202,\"height\":798},{\"@type\":\"BreadcrumbList\",\"@id\":\"https:\/\/goldenti.com\/site\/seguridad-patrimonial\/#breadcrumb\",\"itemListElement\":[{\"@type\":\"ListItem\",\"position\":1,\"name\":\"Portada\",\"item\":\"https:\/\/goldenti.com\/site\/\"},{\"@type\":\"ListItem\",\"position\":2,\"name\":\"Seguridad Patrimonial\"}]},{\"@type\":\"WebSite\",\"@id\":\"https:\/\/goldenti.com\/site\/#website\",\"url\":\"https:\/\/goldenti.com\/site\/\",\"name\":\"\",\"description\":\"\",\"potentialAction\":[{\"@type\":\"SearchAction\",\"target\":{\"@type\":\"EntryPoint\",\"urlTemplate\":\"https:\/\/goldenti.com\/site\/?s={search_term_string}\"},\"query-input\":{\"@type\":\"PropertyValueSpecification\",\"valueRequired\":true,\"valueName\":\"search_term_string\"}}],\"inLanguage\":\"es\"}]}<\/script>\n<!-- \/ Yoast SEO plugin. -->","yoast_head_json":{"title":"Seguridad Patrimonial -","robots":{"index":"index","follow":"follow","max-snippet":"max-snippet:-1","max-image-preview":"max-image-preview:large","max-video-preview":"max-video-preview:-1"},"canonical":"https:\/\/goldenti.com\/site\/seguridad-patrimonial\/","og_locale":"es_ES","og_type":"article","og_title":"Seguridad Patrimonial -","og_description":"La seguridad patrimonial permite prever los riesgos y amenazas de un inmueble a trav\u00e9s de un [&hellip;]","og_url":"https:\/\/goldenti.com\/site\/seguridad-patrimonial\/","article_modified_time":"2020-07-24T17:29:24+00:00","og_image":[{"url":"https:\/\/goldenti.com\/site\/wp-content\/uploads\/2020\/07\/seguridad1-300x199.png","type":"","width":"","height":""}],"twitter_card":"summary_large_image","schema":{"@context":"https:\/\/schema.org","@graph":[{"@type":"WebPage","@id":"https:\/\/goldenti.com\/site\/seguridad-patrimonial\/","url":"https:\/\/goldenti.com\/site\/seguridad-patrimonial\/","name":"Seguridad Patrimonial -","isPartOf":{"@id":"https:\/\/goldenti.com\/site\/#website"},"primaryImageOfPage":{"@id":"https:\/\/goldenti.com\/site\/seguridad-patrimonial\/#primaryimage"},"image":{"@id":"https:\/\/goldenti.com\/site\/seguridad-patrimonial\/#primaryimage"},"thumbnailUrl":"https:\/\/goldenti.com\/site\/wp-content\/uploads\/2020\/07\/seguridad1-300x199.png","datePublished":"2020-07-24T17:23:22+00:00","dateModified":"2020-07-24T17:29:24+00:00","breadcrumb":{"@id":"https:\/\/goldenti.com\/site\/seguridad-patrimonial\/#breadcrumb"},"inLanguage":"es","potentialAction":[{"@type":"ReadAction","target":["https:\/\/goldenti.com\/site\/seguridad-patrimonial\/"]}]},{"@type":"ImageObject","inLanguage":"es","@id":"https:\/\/goldenti.com\/site\/seguridad-patrimonial\/#primaryimage","url":"https:\/\/goldenti.com\/site\/wp-content\/uploads\/2020\/07\/seguridad1.png","contentUrl":"https:\/\/goldenti.com\/site\/wp-content\/uploads\/2020\/07\/seguridad1.png","width":1202,"height":798},{"@type":"BreadcrumbList","@id":"https:\/\/goldenti.com\/site\/seguridad-patrimonial\/#breadcrumb","itemListElement":[{"@type":"ListItem","position":1,"name":"Portada","item":"https:\/\/goldenti.com\/site\/"},{"@type":"ListItem","position":2,"name":"Seguridad Patrimonial"}]},{"@type":"WebSite","@id":"https:\/\/goldenti.com\/site\/#website","url":"https:\/\/goldenti.com\/site\/","name":"","description":"","potentialAction":[{"@type":"SearchAction","target":{"@type":"EntryPoint","urlTemplate":"https:\/\/goldenti.com\/site\/?s={search_term_string}"},"query-input":{"@type":"PropertyValueSpecification","valueRequired":true,"valueName":"search_term_string"}}],"inLanguage":"es"}]}},"_links":{"self":[{"href":"https:\/\/goldenti.com\/site\/wp-json\/wp\/v2\/pages\/24106","targetHints":{"allow":["GET"]}}],"collection":[{"href":"https:\/\/goldenti.com\/site\/wp-json\/wp\/v2\/pages"}],"about":[{"href":"https:\/\/goldenti.com\/site\/wp-json\/wp\/v2\/types\/page"}],"author":[{"embeddable":true,"href":"https:\/\/goldenti.com\/site\/wp-json\/wp\/v2\/users\/7"}],"replies":[{"embeddable":true,"href":"https:\/\/goldenti.com\/site\/wp-json\/wp\/v2\/comments?post=24106"}],"version-history":[{"count":2,"href":"https:\/\/goldenti.com\/site\/wp-json\/wp\/v2\/pages\/24106\/revisions"}],"predecessor-version":[{"id":24111,"href":"https:\/\/goldenti.com\/site\/wp-json\/wp\/v2\/pages\/24106\/revisions\/24111"}],"wp:attachment":[{"href":"https:\/\/goldenti.com\/site\/wp-json\/wp\/v2\/media?parent=24106"}],"curies":[{"name":"wp","href":"https:\/\/api.w.org\/{rel}","templated":true}]}}